late the greatest common factor of 6 and h.
6
Let c be 2 + -3 - 279/(-3). Let k be (-464)/24*-3 - 187/(-17). Calculate the greatest common factor of c and k.
23
Let r(a) = -a**3 - 10*a**2 + 7*a + 6. Let u be r(-12). Let m be 7/4*(-22 + 34). What is the greatest common divisor of u and m?
21
Let c be -2 - 0/3 - 8372/(-28). Let r be c/(-24)*2*-4. Calculate the highest common divisor of r and 792.
99
Let j be (1 - 4)*(-390)/18. Suppose 1860*p - 78 = 1854*p. Calculate the highest common divisor of p and j.
13
Let u be -2 + (-18)/(-15)*20/3. Let n(b) = 11*b + 50. Let r be n(u). Calculate the greatest common divisor of 29 and r.
29
Suppose 1661*m = 1665*m - 180. Calculate the highest common divisor of m and 3165.
15
Suppose -156 = -3*u + 3*w, 101*w - 24 = 105*w. Let n(s) = 7*s**2 - 2*s - 1. Let j be n(2). What is the highest common divisor of j and u?
23
Let h = -7361 + 7505. Calculate the greatest common factor of 128 and h.
16
Suppose -835*k + 4463792 = -78608. What is the highest common factor of k and 425?
85
Let r(i) = -i**3 + 5*i**2 - i - 2. Let l be r(3). Suppose -5382 = -27*y + 4*y - 23*y. Calculate the highest common divisor of l and y.
13
Suppose 443 = 4*d - 117. Let f(w) = 184*w**2 + 7*w. Let x be f(-2). Let g = x - 687. What is the highest common factor of g and d?
35
Suppose -2*w + 4*o = -47 - 65, 102 = 2*w + o. Suppose w*j + 280 = 62*j. Calculate the greatest common factor of j and 602.
14
Suppose 2*i - 22 = 2. Suppose 425 = 17*t - i*t. Calculate the greatest common factor of 5 and t.
5
Let q be 6/(-30)*-10 + 7 + 0. Let f(k) be the first derivative of 20*k**2 - 41*k - 1. Let h be f(q). Calculate the highest common divisor of 29 and h.
29
Suppose -4*u - 13*u = -67 + 16. Calculate the greatest common divisor of u and 1203.
3
Suppose -b = -0*b - 94. Let y = -22 + b. Let x = 856 + -748. What is the greatest common factor of y and x?
36
Let n = 128 + -156. Let c(w) = -2*w**2 - 58*w - 20. Let q be c(n). Calculate the highest common factor of 36 and q.
36
Let w(x) = 5*x**2 + 3*x - 4. Let s be w(4). Let o = -303 - -307. Suppose -23*n + 5*r + o = -25*n, 0 = 2*r + 8. What is the greatest common factor of n and s?
8
Let a be ((-4)/(-5))/(1/160). Let p(h) = -3 - 8*h + 2 + 1 - 8. Let d be p(-3). What is the greatest common factor of a and d?
16
Let i = 29288 - 20916. What is the greatest common divisor of 46 and i?
46
Let o(z) = 8*z**2 - 151*z - 270. Let j be o(29). Calculate the greatest common factor of j and 154.
77
Let t = 1645 + -1605. Suppose 0 = -2*l + l. Let x = l - -20. Calculate the greatest common factor of x and t.
20
Suppose 32 = d + 3*d. Suppose 120*b - 4*j + 12 = 123*b, b - 4 = 4*j. What is the greatest common factor of d and b?
4
Let k be (2 - 8/5)*10. Suppose 0 = -208*z + 2489 + 2868 + 2547. What is the greatest common factor of z and k?
2
Suppose 15*r = 7*r + 32. Suppose -3*v + 44 = 4*q, -55 = 10*q - 15*q + r*v. Calculate the greatest common divisor of 781 and q.
11
Let p(g) = -g + 4. Let h = -105 - -100. Let d = h + 7. Let f be p(d). What is the greatest common factor of 22 and f?
2
Suppose 0 = 5*p - 4*d - 40, 0 = -2*p + 14*d - 12*d + 18. Suppose 0 = -2*g + 4*i + 12, 9 = p*g - 5*i - 12. What is the highest common divisor of 4 and g?
4
Suppose 3*m + 19 = -2*q, 4*q - 5*q - 4 = -4*m. Let z be (-26)/(-2) + (-8)/(q/(-3)). What is the highest common factor of 30 and z?
10
Suppose 207*u - 144768 = -145*u - 576*u. Let w be 41 - 0 - (1 - -1). Calculate the greatest common divisor of w and u.
39
Let f = -899 - -1058. What is the greatest common factor of 9381 and f?
159
Let h be (-1)/1 - 9504/(-81)*(11 - 8). What is the highest common divisor of 405 and h?
27
Let n = -39 + 57. Suppose 33 + n = 3*r. Calculate the greatest common factor of 612 and r.
17
Let t(z) = -38*z + 177. Let f be 7 + (-13 - -6) + 4. Let c be t(f). Let h = 198 + 27. What is the highest common divisor of c and h?
25
Let b = 166 + -161. Let r(s) = 6*s**2 - 9*s - 17. Let g be r(-4). Calculate the highest common factor of g and b.
5
Let i be (17/(-4))/(25/(-100)). Suppose i*t = 7*t + 90. What is the greatest common factor of t and 63?
9
Let z = 149 + -134. Suppose 4*d - 176 = -4*b, z = -5*b + d + 211. What is the highest common factor of b and 5?
5
Let i = 10932 - 10700. Calculate the highest common factor of i and 152.
8
Suppose -3*t = -3*m + 33, 2*m - 3*t - 55 = -3*m. Let b(g) = 9*g - 18. Let f be b(2). Suppose f = 3*j - 46 - 86. Calculate the highest common factor of j and m.
11
Let t be (399/(-6))/(((-12)/56)/3). Let c be 13 - (12/(-14))/(3/21). Calculate the greatest common divisor of c and t.
19
Let d be 805608/198 + 3 - (-6)/22. Calculate the highest common factor of d and 16.
8
Let h = 12251 - 7556. What is the greatest common divisor of 30 and h?
15
Suppose -3*p + 2*i = -0*i - 29, 2*p - 28 = -3*i. Suppose -310 = p*b - 838. Calculate the highest common factor of b and 24.
24
Suppose -1 = m + 6*o - 7*o, -m - 2*o + 8 = 0. Let u be -189*m/3*12/(-14). What is the greatest common divisor of u and 72?
36
Suppose 651 + 489 = 5*c. Let a = c + -215. Let b = 131 - 79. Calculate the highest common divisor of b and a.
13
Suppose 42*o - 3*d = 45*o - 2571, -4*d = -o + 862. What is the highest common divisor of 1014 and o?
78
Let g(n) = 493*n + 5640. Let f be g(-11). Calculate the highest common factor of 10850 and f.
217
Suppose -g - 8 = 4*p, -5*g - p + 4 = -3*p. Suppose 2*f - 5 - 3 = g, 0 = -a - 4*f + 29. Let z = -174924 + 175132. What is the highest common factor of z and a?
13
Suppose 3*x - 175 = -f, 23*f - 887 = 18*f - 3*x. What is the highest common factor of f and 12549?
89
Let s = -43401 + 45229. What is the greatest common factor of 4 and s?
4
Let a(u) = -u**3 + 15*u**2 - 16*u + 24. Let q be a(14). Let y(o) = o**3 + 8*o**2 + 12*o + 5. Let s be y(q). Calculate the highest common factor of 35 and s.
7
Let i = -1716085 + 1716091. Let g be (-1)/(-4) - 7/(-4). What is the greatest common factor of g and i?
2
Let u(v) = -15*v - 3. Let b be u(-6). Suppose -n = 6, -2237*p = -2232*p - 3*n - 308. Calculate the greatest common factor of b and p.
29
Let l be 0/(-1) - (-113 - -24). Let w = l + -61. What is the highest common divisor of 35 and w?
7
Suppose 84*o - 1177 = -253. Calculate the greatest common divisor of 2453 and o.
11
Suppose b = -2*p + 13006 - 1714, -p + 5667 = -3*b. Calculate the highest common divisor of p and 84.
21
Suppose -3 + 13 = 5*q. Let i be -52*(-2)/(0 + q). Suppose 2*p + i = 6*p. Calculate the greatest common divisor of p and 91.
13
Let t = -28142 - -28154. Suppose 2*k + 2220 = 7*k. What is the greatest common factor of t and k?
12
Suppose 7580*t = 7574*t - 2861 + 15587. What is the greatest common divisor of t and 202?
101
Suppose -24 = -2*c - 6. Suppose 4*r + 3*m = 91 - 4, -64 = -3*r - 2*m. Calculate the highest common factor of r and c.
9
Let h be -3*(-10)/3*3. Suppose 0 = 6*c + 3*c - 4*c - 600. Calculate the greatest common divisor of c and h.
30
Suppose 24 = 57*s - 54*s. Suppose -s*d + 101 + 1123 = 0. Calculate the highest common factor of d and 17.
17
Let p = -8 + 11. Let a(z) = -z**3 + p*z + z - 3*z - 5*z - 5*z**2. Let j be a(-5). Calculate the highest common divisor of 140 and j.
20
Let q(l) = l**3 - 27*l**2 + 47*l + 82. Suppose -59 = -19*a + 416. Let p be q(a). Let z = -26 - -54. What is the greatest common divisor of p and z?
7
Suppose 9*s = 61 - 25. Suppose -v + s*v = 891. Calculate the highest common factor of v and 33.
33
Let m = -165 - -159. Let u(o) = -14*o - 20. Let z be u(m). Let x(f) = -15*f + 2. Let p be x(-2). What is the highest common factor of z and p?
32
Let o(m) = -3*m**3 + 8*m**2 + 161*m + 1038. Let a be o(-7). Calculate the greatest common factor of 612 and a.
36
Let q be (-3 - -4)*31 + -1. Let p(j) = j**3 - 2*j**2 + 2*j + 75. Let x = 45 + -45. Let b be p(x). Calculate the highest common divisor of q and b.
15
Let b(r) = -3*r**3 - 11*r**2 + 7*r + 5. Let m be b(-5). Let a be (12/10)/((-5)/(-175)). What is the highest common divisor of a and m?
14
Suppose 55*a = 47*a + 5560. Let j = -19 + a. What is the greatest common divisor of 26 and j?
26
Let t = 1152 - 1130. Calculate the highest common factor of 4620 and t.
22
Suppose 5*u + x + 13 = 104, 5*u + 5*x = 95. Calculate the greatest common factor of 93 and u.
3
Let s = 34295 - 33667